 + 2*p = 46, -4*n + 54 = -4*p + 3*p. What is the tens digit of n?
1
Let r(o) = 2*o + 2. Let l be r(2). Suppose -g = -2*c - l, 0 = 2*g + 2*g - 5*c - 15. Suppose 5*s = -g*s + 35. What is the units digit of s?
7
Suppose 2*q - 8 = 0, -3*j + 3*q = -q - 563. What is the tens digit of j?
9
Let l(k) = -k - 2. Let d be l(-2). Let a(p) = 3 - 2 + p**2 + p + 2. What is the units digit of a(d)?
3
Let x(b) = -2*b**2 - 8*b. Let u be x(-6). Let s = -12 - u. Let h = -6 + s. What is the units digit of h?
6
Suppose -k - 4 + 8 = 0. Suppose p - 7 = -2*u, -k*u + u + 4*p + 38 = 0. What is the units digit of u?
6
Suppose -5*z - 45 = 2*w, 4*w - 3 = 2*z - 9. What is the units digit of (0 + 4)*z/(-4)?
7
Suppose 0 = -14*f + 41 + 2913. What is the tens digit of f?
1
Suppose -d = -4*l, d - 5*l - 2 = -0. Let w(g) = -g**2 - 11*g - 7. Let x be w(d). Let v = -12 + x. What is the units digit of v?
5
Suppose 0 = 4*u - 825 + 141. What is the tens digit of u?
7
Let u(q) be the second derivative of q**4/12 - 5*q**3/6 + q**2 - 3*q. Let h be u(5). Suppose -n - h*n + 36 = 0. What is the units digit of n?
2
Let c be ((-21)/(-6) - 0)*6. Let i = -29 + 44. Suppose -3*s = d - 2*s - c, i = 3*s. What is the units digit of d?
6
Suppose 0 = 2*h - 4*h + 10. Suppose 2*v = p - 16, p - h = -3*v + 11. What is the tens digit of p?
1
Let q be 3 + -3 - (-2 - 0). Suppose q*p + 2 = 4. Let x = p - -8. What is the units digit of x?
9
Let r = 148 - 39. Suppose 0 = 2*d - 5*t - r, -5*t - 93 - 100 = -4*d. What is the tens digit of d?
4
Let r = 50 + -16. What is the tens digit of r?
3
Suppose -20*y - 116 = -22*y. What is the tens digit of y?
5
Suppose 5*y = -0*y + 405. What is the units digit of y?
1
Suppose -1 = -2*p - 3*z + 22, -3*z = -p + 34. What is the tens digit of p?
1
Let v(t) = 19*t**3 + 1. Let k be v(1). Suppose 0 + k = 5*u. Let p = u + -1. What is the units digit of p?
3
Let n be 1/((-3)/(-2) + -1). Suppose -n*m - m + 9 = 0. Let g = m + -2. What is the units digit of g?
1
Suppose 4*d = -57 - 3. What is the units digit of 5*-1*48/d?
6
Let o be (6/(-4))/(13/(-26)). Suppose -o*t = t - 96. What is the units digit of t?
4
Suppose 20 = 4*a + 2*h, 3*a + a - 26 = h. Suppose 3*k = a*k - 120. What is the tens digit of k?
4
Let b = -20 + 21. What is the units digit of b?
1
Suppose 1 = -l + 19. What is the units digit of l?
8
Suppose -5*h = 5*s - 5, 3*h - 8*h - 40 = -4*s. Suppose -36 + 9 = -2*u - s*p, -30 = -4*u - 2*p. What is the units digit of u?
6
What is the units digit of (1/((-10)/(-6)))/(18/1710)?
7
Let s(m) = m**2 + 11*m + 15. Let d be s(-12). Let n be 4/(-14) + 356/(-28). Let q = n + d. What is the units digit of q?
4
Suppose v = 3*v. Suppose 3*i - 6 = 0, v = z + 5*i + 1 - 17. What is the units digit of z?
6
Let n(u) = 6*u**2 - 16*u - 21. Let d(y) = -4*y**2 + 11*y + 14. Let o(a) = 7*d(a) + 5*n(a). Let p be o(5). Suppose -p = -4*s - 4. What is the units digit of s?
6
Let j = 465 - 332. What is the hundreds digit of j?
1
Let v(n) = 2*n**2 + 3*n - 2. Let u be v(-8). Let l = u - 67. What is the units digit of l?
5
Let z(o) = 6*o**2 + 5*o + 5. What is the units digit of z(-2)?
9
Suppose -2*s + 11*s - 756 = 0. What is the units digit of s?
4
Let x be 2/(-3)*(-28 + 7). Suppose -h + x = -7. What is the tens digit of h?
2
Suppose -5*q = -5*a + 10*a + 5, -4*q + 4*a - 12 = 0. What is the units digit of (q/6)/((-14)/378)?
9
Let k(m) = 2*m + 3. Let z be k(-6). Let f = z + 11. What is the units digit of f?
2
Suppose 0 = 3*u - 4*w - 26, 2*w + 4 = -3*u - 0*w. What is the units digit of u?
2
Let c = -27 - -130. What is the hundreds digit of c?
1
Suppose 5*j + 4*f = 52, -5*j - f + 31 = -4*f. Suppose 10*z - 5*z = 0. Let g = j - z. What is the units digit of g?
8
Let t = -3 - -5. Suppose -t*m + 51 = m. What is the tens digit of m?
1
Let n(z) = z**2 - 6*z - 2. Let f be n(7). Suppose -2*p + 12 = -f*l - 7, 0 = 4*p + 2*l - 74. What is the tens digit of p?
1
Let z = -19 + 41. What is the tens digit of z?
2
Let z = -34 - -17. Let x = z + 28. What is the tens digit of x?
1
What is the units digit of ((-24)/20)/2*-15?
9
Let z = -182 + 276. What is the tens digit of z?
9
Let x = 49 - 35. Suppose w = 3*w - x. What is the units digit of w?
7
Let g(l) be the first derivative of l**3/3 - 3*l**2/2 - 2*l + 1. Let p be g(-3). Suppose 0 = i + i - p. What is the units digit of i?
8
Let k(w) = 4*w**2 - w + 3. What is the units digit of k(-3)?
2
Suppose 15 - 3 = 4*x. Suppose o + x*h + h = -7, 0 = 4*o + 4*h - 8. What is the units digit of (-1)/((-10)/18)*o?
9
Let n = 5 - 9. Let r(s) = s**2 + 4*s + 4. Let g be r(n). Suppose 4*v = g*h + 17 + 11, -v + 17 = 4*h. What is the units digit of v?
9
Let g(k) be the first derivative of -k**4/4 + k**3 + 3*k**2/2 - 4*k + 16. Let a be (-1)/(((-2)/(-1))/(-6)). What is the units digit of g(a)?
5
Let i be (2/(-3))/((-2)/6). Suppose i*d = 4*d + 8. Let q(o) = -o**3 - 3*o**2 + 3*o - 3. What is the units digit of q(d)?
1
Suppose 0*j + 2*j = 3*d, 3*j + 38 = -5*d. What is the units digit of j/(-5)*(10 - 5)?
6
Let f(u) = -10*u + 4. What is the units digit of f(-6)?
4
Let w be ((-6)/4)/((-21)/(-28)). What is the tens digit of 126/4*w/(-3)?
2
Let o be (-9 + 3 - -1)/(-1). Suppose 0 = 3*w - 2*i - 14, 0 = o*w + 2*i - 12 - 38. What is the units digit of w?
8
Let k(h) = 44*h**2 - 3*h - 2. What is the units digit of k(-1)?
5
Suppose -y + 3*y = 4. Suppose -36 = -0*h + y*h. Let o = 34 + h. What is the units digit of o?
6
Suppose 4*x - 4 = 4. Suppose -3*l + 15 = x*l. Suppose 3*f - 5*u - 48 = 4, 0 = -l*f + u + 32. What is the units digit of f?
9
Let v be (1 - (1 + 2)) + 6. Suppose -5*i + 0*i = -v*s + 86, 5*i = -3*s + 47. What is the tens digit of s?
1
Suppose -k - 7 - 1 = 0. Let l = k + 13. Suppose 5*b - 31 = 2*o, -l*b + 2 = 5*o - 8. What is the units digit of b?
5
What is the tens digit of ((-69)/(-3))/(4 - 3)?
2
Suppose s - 3*s - 2 = 0, n - 2*s - 8 = 0. What is the units digit of n?
6
Suppose j = 4*j - 9. Suppose 0 = u + 4*c - 5, 5*u + 0*c + c - 63 = 0. What is the tens digit of u + j - (0 - -1)?
1
Suppose -9*a - 6 = -10*a. Suppose 3*o - 9 = 0, -3*s = 5*o - 6 - 6. Let z = a + s. What is the units digit of z?
5
Let y = 6 - 6. Suppose y = -3*s + 9, -2*o + 57 = 3*o - s. What is the units digit of o?
2
Let t(q) = -q**2 - 10*q + 3. What is the units digit of t(-7)?
4
Let z(h) = -h**2 + 4*h - 4. Let i be z(4). Let g = i - -16. What is the tens digit of g?
1
What is the tens digit of 2/1*(77/2 + 1)?
7
Let r(q) = -q**2 - 12*q - 2. What is the units digit of r(-10)?
8
Let f = 360 + -253. What is the units digit of f?
7
Let t be (-14)/4*-2 - 2. Suppose 22 = t*k + 2. What is the units digit of k?
4
Let h be 12*(33/12 - 2). Suppose -h*b - 1 = -10*b. What is the units digit of b + 0 - 4/(-1)?
5
Suppose 0 = 3*b + b + 16. What is the units digit of (b - -5)*7*1?
7
What is the units digit of (28/(-1))/(-2 + 1)?
8
Let v = -17 - -25. What is the units digit of v/(-3)*6/(-4)?
4
Let s be 45/10 + 3/2. Suppose 0 = -s*w + 3*w + 72. What is the tens digit of w?
2
Suppose c = -3 + 60. What is the tens digit of c?
5
Suppose 4*o - 14 = -2*s, 4*o = 3*o - 2. Let p(l) = -5*l - 5. Let x be p(-5). Let z = x - s. What is the units digit of z?
9
Let l = 69 + -35. What is the tens digit of l?
3
Let c be (-6 - -2 - -1) + -1. What is the units digit of 1135/45 - c/(-18)?
5
Let a(u) = -u**3 - 10*u**2 - 1. Let z be a(-10). Let w be 10/(z/(-5)*1). What is the units digit of w/6 + 2/3?
9
Let x(d) = d**2 - 3*d + 4. Let c(a) = a**2 - a - 1. Let n be c(-2). Let u be x(n). What is the units digit of (-6)/21 - (-46)/u?
3
Let w be 7 + (-3 - (-2 + 2)). What is the units digit of -19*2*(-2)/w?
9
Suppose 0*b + b - 24 = 0. What is the units digit of b?
4
Suppose -8 - 2 = -g. What is the tens digit of g - -2 - (3 - 2)?
1
Suppose -4*w = 3*f - 1, -5*f - 3 - 22 = 0. Suppose -w*x = 16, 2*x - 10 = -5*v + 2*v. What is the units digit of v?
6
Let g(k) = -k**2 - 10*k. Let f be g(-8). Let j = f - 7. What is the units digit of j?
9
Let d(l) = 3*l - 7*l - 7*l - 7*l. What is the units digit of d(-1)?
8
Let k(t) = -3 - 21*t**2 + 10*t**2 + 12*t**2 + t. What is the units digit of k(-3)?
3
Suppose 5*l - 38 = h, -3*l + 11 = -h - 13. Suppose -l = 3*p - 4, -v = 4*p + 1. What is the units digit of v*(48/9)/2?
8
Let l = 199 + -133. What is the tens digit of l?
6
Suppose 159 = 2*n - 93. What i